{"id":169,"date":"2024-08-17T09:26:05","date_gmt":"2024-08-17T07:26:05","guid":{"rendered":"https:\/\/raabetech.com\/?page_id=169"},"modified":"2024-09-20T15:13:05","modified_gmt":"2024-09-20T13:13:05","slug":"software-development-2","status":"publish","type":"page","link":"https:\/\/raabetech.com\/index.php\/software-development-2\/","title":{"rendered":"Software Development"},"content":{"rendered":"\t\t<div data-elementor-type=\"wp-page\" data-elementor-id=\"169\" class=\"elementor elementor-169\">\n\t\t\t\t<div class=\"elementor-element elementor-element-ad05b62 e-con-full e-flex elementor-invisible e-con e-parent\" data-id=\"ad05b62\" data-element_type=\"container\" data-settings=\"{&quot;animation&quot;:&quot;fadeInUp&quot;}\">\n\t\t<div class=\"elementor-element elementor-element-6cea5d3 e-con-full e-flex elementor-invisible e-con e-child\" data-id=\"6cea5d3\" data-element_type=\"container\" data-settings=\"{&quot;animation&quot;:&quot;fadeInLeft&quot;}\">\n\t\t\t\t<div class=\"elementor-element elementor-element-864773f elementor-widget elementor-widget-text-editor\" data-id=\"864773f\" data-element_type=\"widget\" data-widget_type=\"text-editor.default\">\n\t\t\t\t<div class=\"elementor-widget-container\">\n\t\t\t<style>\/*! elementor - v3.21.0 - 26-05-2024 *\/\n.elementor-widget-text-editor.elementor-drop-cap-view-stacked .elementor-drop-cap{background-color:#69727d;color:#fff}.elementor-widget-text-editor.elementor-drop-cap-view-framed .elementor-drop-cap{color:#69727d;border:3px solid;background-color:transparent}.elementor-widget-text-editor:not(.elementor-drop-cap-view-default) .elementor-drop-cap{margin-top:8px}.elementor-widget-text-editor:not(.elementor-drop-cap-view-default) .elementor-drop-cap-letter{width:1em;height:1em}.elementor-widget-text-editor .elementor-drop-cap{float:left;text-align:center;line-height:1;font-size:50px}.elementor-widget-text-editor .elementor-drop-cap-letter{display:inline-block}<\/style>\t\t\t\t<p>Chez RaabeTech, nous concevons des solutions logicielles sur mesure pour r\u00e9pondre aux besoins sp\u00e9cifiques de nos clients. Nos services incluent :<\/p><ul><li><strong>D\u00e9veloppement d&#8217;applications sur mesure<\/strong> : Cr\u00e9ation de logiciels adapt\u00e9s \u00e0 vos processus m\u00e9tier.<\/li><li><strong>Maintenance et support<\/strong> : Am\u00e9lioration continue des performances et de la s\u00e9curit\u00e9 de vos applications.<\/li><li><strong>Int\u00e9gration de syst\u00e8mes<\/strong> : Connecter et optimiser vos diff\u00e9rents outils pour une meilleure productivit\u00e9.<\/li><li><strong>Applications multiplateformes<\/strong> : D\u00e9veloppement pour web, mobile, et desktop.<\/li><\/ul><p>Nous transformons vos id\u00e9es en solutions performantes et \u00e9volutives.<\/p>\t\t\t\t\t\t<\/div>\n\t\t\t\t<\/div>\n\t\t\t\t<div class=\"elementor-element elementor-element-cd65c39 elementor-widget elementor-widget-image\" data-id=\"cd65c39\" data-element_type=\"widget\" data-widget_type=\"image.default\">\n\t\t\t\t<div class=\"elementor-widget-container\">\n\t\t\t<style>\/*! elementor - v3.21.0 - 26-05-2024 *\/\n.elementor-widget-image{text-align:center}.elementor-widget-image a{display:inline-block}.elementor-widget-image a img[src$=\".svg\"]{width:48px}.elementor-widget-image img{vertical-align:middle;display:inline-block}<\/style>\t\t\t\t\t\t\t\t\t\t<img fetchpriority=\"high\" decoding=\"async\" width=\"500\" height=\"500\" src=\"https:\/\/raabetech.com\/wp-content\/uploads\/2024\/09\/OIP.jpg\" class=\"attachment-large size-large wp-image-293\" alt=\"\" srcset=\"https:\/\/raabetech.com\/wp-content\/uploads\/2024\/09\/OIP.jpg 500w, https:\/\/raabetech.com\/wp-content\/uploads\/2024\/09\/OIP-300x300.jpg 300w, https:\/\/raabetech.com\/wp-content\/uploads\/2024\/09\/OIP-150x150.jpg 150w\" sizes=\"(max-width: 500px) 100vw, 500px\" \/>\t\t\t\t\t\t\t\t\t\t\t\t\t<\/div>\n\t\t\t\t<\/div>\n\t\t\t\t<\/div>\n\t\t<div class=\"elementor-element elementor-element-953adea e-con-full e-flex elementor-invisible e-con e-child\" data-id=\"953adea\" data-element_type=\"container\" data-settings=\"{&quot;animation&quot;:&quot;fadeInRight&quot;}\">\n\t\t\t\t<div class=\"elementor-element elementor-element-b7bf0dc elementor-widget__width-initial elementor-widget elementor-widget-image\" data-id=\"b7bf0dc\" data-element_type=\"widget\" data-widget_type=\"image.default\">\n\t\t\t\t<div class=\"elementor-widget-container\">\n\t\t\t\t\t\t\t\t\t\t\t\t\t<img decoding=\"async\" width=\"1024\" height=\"683\" src=\"https:\/\/raabetech.com\/wp-content\/uploads\/2024\/09\/dev.jpg\" class=\"attachment-1536x1536 size-1536x1536 wp-image-288\" alt=\"\" srcset=\"https:\/\/raabetech.com\/wp-content\/uploads\/2024\/09\/dev.jpg 1024w, https:\/\/raabetech.com\/wp-content\/uploads\/2024\/09\/dev-300x200.jpg 300w, https:\/\/raabetech.com\/wp-content\/uploads\/2024\/09\/dev-768x512.jpg 768w\" sizes=\"(max-width: 1024px) 100vw, 1024px\" \/>\t\t\t\t\t\t\t\t\t\t\t\t\t<\/div>\n\t\t\t\t<\/div>\n\t\t<div class=\"elementor-element elementor-element-34dabe9 e-flex e-con-boxed e-con e-child\" data-id=\"34dabe9\" data-element_type=\"container\">\n\t\t\t\t\t<div class=\"e-con-inner\">\n\t\t\t\t\t<\/div>\n\t\t\t\t<\/div>\n\t\t\t\t<\/div>\n\t\t\t\t<\/div>\n\t\t\t\t<\/div>\n\t\t","protected":false},"excerpt":{"rendered":"<p>Chez RaabeTech, nous concevons des solutions logicielles sur mesure pour r\u00e9pondre aux besoins sp\u00e9cifiques de nos clients. Nos services incluent : D\u00e9veloppement d&#8217;applications sur mesure : Cr\u00e9ation de logiciels adapt\u00e9s \u00e0 vos processus m\u00e9tier. Maintenance et support : Am\u00e9lioration continue des performances et de la s\u00e9curit\u00e9 de vos applications. Int\u00e9gration de syst\u00e8mes : Connecter et [&hellip;]<\/p>\n","protected":false},"author":1,"featured_media":0,"parent":0,"menu_order":0,"comment_status":"closed","ping_status":"closed","template":"","meta":{"footnotes":""},"class_list":["post-169","page","type-page","status-publish","hentry"],"_links":{"self":[{"href":"https:\/\/raabetech.com\/index.php\/wp-json\/wp\/v2\/pages\/169","targetHints":{"allow":["GET"]}}],"collection":[{"href":"https:\/\/raabetech.com\/index.php\/wp-json\/wp\/v2\/pages"}],"about":[{"href":"https:\/\/raabetech.com\/index.php\/wp-json\/wp\/v2\/types\/page"}],"author":[{"embeddable":true,"href":"https:\/\/raabetech.com\/index.php\/wp-json\/wp\/v2\/users\/1"}],"replies":[{"embeddable":true,"href":"https:\/\/raabetech.com\/index.php\/wp-json\/wp\/v2\/comments?post=169"}],"version-history":[{"count":10,"href":"https:\/\/raabetech.com\/index.php\/wp-json\/wp\/v2\/pages\/169\/revisions"}],"predecessor-version":[{"id":308,"href":"https:\/\/raabetech.com\/index.php\/wp-json\/wp\/v2\/pages\/169\/revisions\/308"}],"wp:attachment":[{"href":"https:\/\/raabetech.com\/index.php\/wp-json\/wp\/v2\/media?parent=169"}],"curies":[{"name":"wp","href":"https:\/\/api.w.org\/{rel}","templated":true}]}}